{"id":1686,"date":"2025-08-01T19:10:00","date_gmt":"2025-08-01T17:10:00","guid":{"rendered":"https:\/\/feuerwehr-nalbach.de\/?post_type=einsatz&#038;p=1686"},"modified":"2025-08-09T13:07:22","modified_gmt":"2025-08-09T11:07:22","slug":"%f0%9f%93%9f-vu-mit-person","status":"publish","type":"einsatz","link":"https:\/\/ff-nalbach.de\/?einsatz=%f0%9f%93%9f-vu-mit-person","title":{"rendered":"\ud83d\udcdf VU mit Person"},"content":{"rendered":"<p>Am heutigen Freitag, den 01.08.2025, wurden wir zu einem Verkehrsunfall mit \u00dcberschlag alarmiert. Beim Eintreffen der Einsatzkr\u00e4fte befand sich die Fahrerin bereits au\u00dferhalb des verunfallten Pkw und wurde vom Rettungsdienst medizinisch versorgt.<br \/>\nDie Feuerwehr sicherte die Unfallstelle ab, stellte den Brandschutz sicher und klemmte die Fahrzeugbatterie ab, um m\u00f6gliche Gefahren durch elektrische Systeme zu verhindern. Weitere Ma\u00dfnahmen waren nicht erforderlich.<\/p>\n<p>Nach etwa einer Stunde war der Einsatz abgeschlossen und die Einsatzstelle konnte an die Polizei \u00fcbergeben werden.<\/p>\n<p><a href=\"https:\/\/feuerwehr-nalbach.de\/wp-content\/uploads\/2025\/08\/WhatsApp-Image-2025-08-01-at-20.08.45.jpeg\"><img fetchpriority=\"high\" decoding=\"async\" class=\"alignnone wp-image-1697\" src=\"https:\/\/feuerwehr-nalbach.de\/wp-content\/uploads\/2025\/08\/WhatsApp-Image-2025-08-01-at-20.08.45-300x225.jpeg\" alt=\"\" width=\"260\" height=\"195\" srcset=\"https:\/\/ff-nalbach.de\/wp-content\/uploads\/2025\/08\/WhatsApp-Image-2025-08-01-at-20.08.45-300x225.jpeg 300w, https:\/\/ff-nalbach.de\/wp-content\/uploads\/2025\/08\/WhatsApp-Image-2025-08-01-at-20.08.45-1024x768.jpeg 1024w, https:\/\/ff-nalbach.de\/wp-content\/uploads\/2025\/08\/WhatsApp-Image-2025-08-01-at-20.08.45-768x576.jpeg 768w, https:\/\/ff-nalbach.de\/wp-content\/uploads\/2025\/08\/WhatsApp-Image-2025-08-01-at-20.08.45-1536x1152.jpeg 1536w, https:\/\/ff-nalbach.de\/wp-content\/uploads\/2025\/08\/WhatsApp-Image-2025-08-01-at-20.08.45.jpeg 1600w\" sizes=\"(max-width: 260px) 100vw, 260px\" \/><\/a><\/p>\n","protected":false},"excerpt":{"rendered":"<p>Am heutigen Freitag, den 01.08.2025, wurden wir zu einem Verkehrsunfall mit \u00dcberschlag alarmiert. Beim Eintreffen der Einsatzkr\u00e4fte befand sich die Fahrerin bereits au\u00dferhalb des verunfallten Pkw und wurde vom Rettungsdienst medizinisch versorgt. Die Feuerwehr sicherte die Unfallstelle ab, stellte den Brandschutz sicher und klemmte die Fahrzeugbatterie ab, um m\u00f6gliche Gefahren durch elektrische Systeme zu verhindern. [&hellip;]<\/p>\n","protected":false},"author":2,"featured_media":0,"template":"","meta":{"ocean_post_layout":"","ocean_both_sidebars_style":"","ocean_both_sidebars_content_width":0,"ocean_both_sidebars_sidebars_width":0,"ocean_sidebar":"","ocean_second_sidebar":"","ocean_disable_margins":"enable","ocean_add_body_class":"","ocean_shortcode_before_top_bar":"","ocean_shortcode_after_top_bar":"","ocean_shortcode_before_header":"","ocean_shortcode_after_header":"","ocean_has_shortcode":"","ocean_shortcode_after_title":"","ocean_shortcode_before_footer_widgets":"","ocean_shortcode_after_footer_widgets":"","ocean_shortcode_before_footer_bottom":"","ocean_shortcode_after_footer_bottom":"","ocean_display_top_bar":"default","ocean_display_header":"default","ocean_header_style":"","ocean_center_header_left_menu":"","ocean_custom_header_template":"","ocean_custom_logo":0,"ocean_custom_retina_logo":0,"ocean_custom_logo_max_width":0,"ocean_custom_logo_tablet_max_width":0,"ocean_custom_logo_mobile_max_width":0,"ocean_custom_logo_max_height":0,"ocean_custom_logo_tablet_max_height":0,"ocean_custom_logo_mobile_max_height":0,"ocean_header_custom_menu":"","ocean_menu_typo_font_family":"","ocean_menu_typo_font_subset":"","ocean_menu_typo_font_size":0,"ocean_menu_typo_font_size_tablet":0,"ocean_menu_typo_font_size_mobile":0,"ocean_menu_typo_font_size_unit":"px","ocean_menu_typo_font_weight":"","ocean_menu_typo_font_weight_tablet":"","ocean_menu_typo_font_weight_mobile":"","ocean_menu_typo_transform":"","ocean_menu_typo_transform_tablet":"","ocean_menu_typo_transform_mobile":"","ocean_menu_typo_line_height":0,"ocean_menu_typo_line_height_tablet":0,"ocean_menu_typo_line_height_mobile":0,"ocean_menu_typo_line_height_unit":"","ocean_menu_typo_spacing":0,"ocean_menu_typo_spacing_tablet":0,"ocean_menu_typo_spacing_mobile":0,"ocean_menu_typo_spacing_unit":"","ocean_menu_link_color":"","ocean_menu_link_color_hover":"","ocean_menu_link_color_active":"","ocean_menu_link_background":"","ocean_menu_link_hover_background":"","ocean_menu_link_active_background":"","ocean_menu_social_links_bg":"","ocean_menu_social_hover_links_bg":"","ocean_menu_social_links_color":"","ocean_menu_social_hover_links_color":"","ocean_disable_title":"default","ocean_disable_heading":"default","ocean_post_title":"","ocean_post_subheading":"","ocean_post_title_style":"","ocean_post_title_background_color":"","ocean_post_title_background":0,"ocean_post_title_bg_image_position":"","ocean_post_title_bg_image_attachment":"","ocean_post_title_bg_image_repeat":"","ocean_post_title_bg_image_size":"","ocean_post_title_height":0,"ocean_post_title_bg_overlay":0.5,"ocean_post_title_bg_overlay_color":"","ocean_disable_breadcrumbs":"default","ocean_breadcrumbs_color":"","ocean_breadcrumbs_separator_color":"","ocean_breadcrumbs_links_color":"","ocean_breadcrumbs_links_hover_color":"","ocean_display_footer_widgets":"default","ocean_display_footer_bottom":"default","ocean_custom_footer_template":"","einsatz_weight":1,"footnotes":""},"categories":[24],"einsatzart":[12],"fahrzeug":[15,14],"exteinsatzmittel":[26,21,22],"alarmierungsart":[18],"evw_unit":[9],"class_list":["post-1686","einsatz","type-einsatz","status-publish","hentry","category-einsatzbericht","einsatzart-technische-hilfe","fahrzeug-nalbach-1-24-tlf-4000","fahrzeug-nalbach-1-46-hlf-20-20","exteinsatzmittel-feuerwehr-koerprich","exteinsatzmittel-polizei","exteinsatzmittel-rettungsdienst","alarmierungsart-dme-mit-sirene","evw_unit-lb-nalbach-1","entry"],"_links":{"self":[{"href":"https:\/\/ff-nalbach.de\/index.php?rest_route=\/wp\/v2\/einsatz\/1686","targetHints":{"allow":["GET"]}}],"collection":[{"href":"https:\/\/ff-nalbach.de\/index.php?rest_route=\/wp\/v2\/einsatz"}],"about":[{"href":"https:\/\/ff-nalbach.de\/index.php?rest_route=\/wp\/v2\/types\/einsatz"}],"author":[{"embeddable":true,"href":"https:\/\/ff-nalbach.de\/index.php?rest_route=\/wp\/v2\/users\/2"}],"version-history":[{"count":5,"href":"https:\/\/ff-nalbach.de\/index.php?rest_route=\/wp\/v2\/einsatz\/1686\/revisions"}],"predecessor-version":[{"id":1700,"href":"https:\/\/ff-nalbach.de\/index.php?rest_route=\/wp\/v2\/einsatz\/1686\/revisions\/1700"}],"wp:attachment":[{"href":"https:\/\/ff-nalbach.de\/index.php?rest_route=%2Fwp%2Fv2%2Fmedia&parent=1686"}],"wp:term":[{"taxonomy":"category","embeddable":true,"href":"https:\/\/ff-nalbach.de\/index.php?rest_route=%2Fwp%2Fv2%2Fcategories&post=1686"},{"taxonomy":"einsatzart","embeddable":true,"href":"https:\/\/ff-nalbach.de\/index.php?rest_route=%2Fwp%2Fv2%2Feinsatzart&post=1686"},{"taxonomy":"fahrzeug","embeddable":true,"href":"https:\/\/ff-nalbach.de\/index.php?rest_route=%2Fwp%2Fv2%2Ffahrzeug&post=1686"},{"taxonomy":"exteinsatzmittel","embeddable":true,"href":"https:\/\/ff-nalbach.de\/index.php?rest_route=%2Fwp%2Fv2%2Fexteinsatzmittel&post=1686"},{"taxonomy":"alarmierungsart","embeddable":true,"href":"https:\/\/ff-nalbach.de\/index.php?rest_route=%2Fwp%2Fv2%2Falarmierungsart&post=1686"},{"taxonomy":"evw_unit","embeddable":true,"href":"https:\/\/ff-nalbach.de\/index.php?rest_route=%2Fwp%2Fv2%2Fevw_unit&post=1686"}],"curies":[{"name":"wp","href":"https:\/\/api.w.org\/{rel}","templated":true}]}}

<p>Am heutigen Freitag, den 01.08.2025, wurden wir zu einem Verkehrsunfall mit Überschlag alarmiert. Beim Eintreffen der Einsatzkräfte befand sich die Fahrerin bereits außerhalb des verunfallten Pkw und wurde vom Rettungsdienst medizinisch versorgt.<br />
Die Feuerwehr sicherte die Unfallstelle ab, stellte den Brandschutz sicher und klemmte die Fahrzeugbatterie ab, um mögliche Gefahren durch elektrische Systeme zu verhindern. Weitere Maßnahmen waren nicht erforderlich.</p>
<p>Nach etwa einer Stunde war der Einsatz abgeschlossen und die Einsatzstelle konnte an die Polizei übergeben werden.</p>
<p><a href="https://feuerwehr-nalbach.de/wp-content/uploads/2025/08/WhatsApp-Image-2025-08-01-at-20.08.45.jpeg"><img fetchpriority="high" decoding="async" class="alignnone wp-image-1697" src="https://feuerwehr-nalbach.de/wp-content/uploads/2025/08/WhatsApp-Image-2025-08-01-at-20.08.45-300x225.jpeg" alt="" width="260" height="195" srcset="https://ff-nalbach.de/wp-content/uploads/2025/08/WhatsApp-Image-2025-08-01-at-20.08.45-300x225.jpeg 300w, https://ff-nalbach.de/wp-content/uploads/2025/08/WhatsApp-Image-2025-08-01-at-20.08.45-1024x768.jpeg 1024w, https://ff-nalbach.de/wp-content/uploads/2025/08/WhatsApp-Image-2025-08-01-at-20.08.45-768x576.jpeg 768w, https://ff-nalbach.de/wp-content/uploads/2025/08/WhatsApp-Image-2025-08-01-at-20.08.45-1536x1152.jpeg 1536w, https://ff-nalbach.de/wp-content/uploads/2025/08/WhatsApp-Image-2025-08-01-at-20.08.45.jpeg 1600w" sizes="(max-width: 260px) 100vw, 260px" /></a></p>

<p>Am heutigen Freitag, den 01.08.2025, wurden wir zu einem Verkehrsunfall mit Überschlag alarmiert. Beim Eintreffen der Einsatzkräfte befand sich die Fahrerin bereits außerhalb des verunfallten Pkw und wurde vom Rettungsdienst medizinisch versorgt. Die Feuerwehr sicherte die Unfallstelle ab, stellte den Brandschutz sicher und klemmte die Fahrzeugbatterie ab, um mögliche Gefahren durch elektrische Systeme zu verhindern. [&hellip;]</p>
