{"id":1688,"date":"2025-08-09T07:28:00","date_gmt":"2025-08-09T05:28:00","guid":{"rendered":"https:\/\/feuerwehr-nalbach.de\/?post_type=einsatz&#038;p=1688"},"modified":"2025-08-15T13:40:19","modified_gmt":"2025-08-15T11:40:19","slug":"%f0%9f%93%9f-wasserschaden-klein","status":"publish","type":"einsatz","link":"https:\/\/ff-nalbach.de\/?einsatz=%f0%9f%93%9f-wasserschaden-klein","title":{"rendered":"\ud83d\udcdf Wasserschaden klein"},"content":{"rendered":"<p>Am heutigen Samstagmorgen um 07:28 wurden wir zu einem Wasserschaden klein in einem Wohngeb\u00e4ude in der Stra\u00dfe Am G\u00e4hn in Nalbach alarmiert. Beim Eintreffen der Einsatzkr\u00e4fte stellte sich heraus, dass im Keller des Geb\u00e4udes der Filter des Hausanschlusses abgerissen war. Infolgedessen stand der Kellerbereich auf einer Fl\u00e4che von mehreren Quadratmetern etwa 13 cm unter Wasser.<br \/>\nZun\u00e4chst wurde die Wasserzufuhr am Hausanschluss abgesperrt, um weiteren Wassereintritt zu verhindern. Anschlie\u00dfend erfolgte das Abpumpen des stehenden Wassers mittels Tauchpumpe. Verbleibende Wasserreste und feuchte Stellen wurden im Anschluss mit einem Wassersauger aufgenommen und der Bereich weitgehend trockengelegt.<\/p>\n<p>Nach einer abschlie\u00dfenden Kontrolle der Kellerr\u00e4ume konnte die Einsatzstelle an den Eigent\u00fcmer \u00fcbergeben werden. Der Einsatz war nach etwa einer Stunde beendet. Besondere Vorkommnisse traten nicht auf.<a href=\"https:\/\/feuerwehr-nalbach.de\/wp-content\/uploads\/2025\/08\/ChatGPT-Image-15.-Aug.-2025-13_38_40.png\"><img fetchpriority=\"high\" decoding=\"async\" class=\"alignnone size-medium wp-image-2026\" src=\"https:\/\/feuerwehr-nalbach.de\/wp-content\/uploads\/2025\/08\/ChatGPT-Image-15.-Aug.-2025-13_38_40-300x300.png\" alt=\"\" width=\"300\" height=\"300\" srcset=\"https:\/\/ff-nalbach.de\/wp-content\/uploads\/2025\/08\/ChatGPT-Image-15.-Aug.-2025-13_38_40-300x300.png 300w, https:\/\/ff-nalbach.de\/wp-content\/uploads\/2025\/08\/ChatGPT-Image-15.-Aug.-2025-13_38_40-150x150.png 150w, https:\/\/ff-nalbach.de\/wp-content\/uploads\/2025\/08\/ChatGPT-Image-15.-Aug.-2025-13_38_40-768x768.png 768w, https:\/\/ff-nalbach.de\/wp-content\/uploads\/2025\/08\/ChatGPT-Image-15.-Aug.-2025-13_38_40-600x600.png 600w, https:\/\/ff-nalbach.de\/wp-content\/uploads\/2025\/08\/ChatGPT-Image-15.-Aug.-2025-13_38_40.png 1024w\" sizes=\"(max-width: 300px) 100vw, 300px\" \/><\/a><\/p>\n","protected":false},"excerpt":{"rendered":"<p>Am heutigen Samstagmorgen um 07:28 wurden wir zu einem Wasserschaden klein in einem Wohngeb\u00e4ude in der Stra\u00dfe Am G\u00e4hn in Nalbach alarmiert. Beim Eintreffen der Einsatzkr\u00e4fte stellte sich heraus, dass im Keller des Geb\u00e4udes der Filter des Hausanschlusses abgerissen war. Infolgedessen stand der Kellerbereich auf einer Fl\u00e4che von mehreren Quadratmetern etwa 13 cm unter Wasser. [&hellip;]<\/p>\n","protected":false},"author":2,"featured_media":0,"template":"","meta":{"ocean_post_layout":"","ocean_both_sidebars_style":"","ocean_both_sidebars_content_width":0,"ocean_both_sidebars_sidebars_width":0,"ocean_sidebar":"","ocean_second_sidebar":"","ocean_disable_margins":"enable","ocean_add_body_class":"","ocean_shortcode_before_top_bar":"","ocean_shortcode_after_top_bar":"","ocean_shortcode_before_header":"","ocean_shortcode_after_header":"","ocean_has_shortcode":"","ocean_shortcode_after_title":"","ocean_shortcode_before_footer_widgets":"","ocean_shortcode_after_footer_widgets":"","ocean_shortcode_before_footer_bottom":"","ocean_shortcode_after_footer_bottom":"","ocean_display_top_bar":"default","ocean_display_header":"default","ocean_header_style":"","ocean_center_header_left_menu":"","ocean_custom_header_template":"","ocean_custom_logo":0,"ocean_custom_retina_logo":0,"ocean_custom_logo_max_width":0,"ocean_custom_logo_tablet_max_width":0,"ocean_custom_logo_mobile_max_width":0,"ocean_custom_logo_max_height":0,"ocean_custom_logo_tablet_max_height":0,"ocean_custom_logo_mobile_max_height":0,"ocean_header_custom_menu":"","ocean_menu_typo_font_family":"","ocean_menu_typo_font_subset":"","ocean_menu_typo_font_size":0,"ocean_menu_typo_font_size_tablet":0,"ocean_menu_typo_font_size_mobile":0,"ocean_menu_typo_font_size_unit":"px","ocean_menu_typo_font_weight":"","ocean_menu_typo_font_weight_tablet":"","ocean_menu_typo_font_weight_mobile":"","ocean_menu_typo_transform":"","ocean_menu_typo_transform_tablet":"","ocean_menu_typo_transform_mobile":"","ocean_menu_typo_line_height":0,"ocean_menu_typo_line_height_tablet":0,"ocean_menu_typo_line_height_mobile":0,"ocean_menu_typo_line_height_unit":"","ocean_menu_typo_spacing":0,"ocean_menu_typo_spacing_tablet":0,"ocean_menu_typo_spacing_mobile":0,"ocean_menu_typo_spacing_unit":"","ocean_menu_link_color":"","ocean_menu_link_color_hover":"","ocean_menu_link_color_active":"","ocean_menu_link_background":"","ocean_menu_link_hover_background":"","ocean_menu_link_active_background":"","ocean_menu_social_links_bg":"","ocean_menu_social_hover_links_bg":"","ocean_menu_social_links_color":"","ocean_menu_social_hover_links_color":"","ocean_disable_title":"default","ocean_disable_heading":"default","ocean_post_title":"","ocean_post_subheading":"","ocean_post_title_style":"","ocean_post_title_background_color":"","ocean_post_title_background":0,"ocean_post_title_bg_image_position":"","ocean_post_title_bg_image_attachment":"","ocean_post_title_bg_image_repeat":"","ocean_post_title_bg_image_size":"","ocean_post_title_height":0,"ocean_post_title_bg_overlay":0.5,"ocean_post_title_bg_overlay_color":"","ocean_disable_breadcrumbs":"default","ocean_breadcrumbs_color":"","ocean_breadcrumbs_separator_color":"","ocean_breadcrumbs_links_color":"","ocean_breadcrumbs_links_hover_color":"","ocean_display_footer_widgets":"default","ocean_display_footer_bottom":"default","ocean_custom_footer_template":"","einsatz_weight":1,"footnotes":""},"categories":[24],"einsatzart":[12],"fahrzeug":[15,14,17],"exteinsatzmittel":[],"alarmierungsart":[19],"evw_unit":[9],"class_list":["post-1688","einsatz","type-einsatz","status-publish","hentry","category-einsatzbericht","einsatzart-technische-hilfe","fahrzeug-nalbach-1-24-tlf-4000","fahrzeug-nalbach-1-46-hlf-20-20","fahrzeug-nalbach-1-61-gw-l-1","alarmierungsart-dme","evw_unit-lb-nalbach-1","entry"],"_links":{"self":[{"href":"https:\/\/ff-nalbach.de\/index.php?rest_route=\/wp\/v2\/einsatz\/1688","targetHints":{"allow":["GET"]}}],"collection":[{"href":"https:\/\/ff-nalbach.de\/index.php?rest_route=\/wp\/v2\/einsatz"}],"about":[{"href":"https:\/\/ff-nalbach.de\/index.php?rest_route=\/wp\/v2\/types\/einsatz"}],"author":[{"embeddable":true,"href":"https:\/\/ff-nalbach.de\/index.php?rest_route=\/wp\/v2\/users\/2"}],"version-history":[{"count":5,"href":"https:\/\/ff-nalbach.de\/index.php?rest_route=\/wp\/v2\/einsatz\/1688\/revisions"}],"predecessor-version":[{"id":2027,"href":"https:\/\/ff-nalbach.de\/index.php?rest_route=\/wp\/v2\/einsatz\/1688\/revisions\/2027"}],"wp:attachment":[{"href":"https:\/\/ff-nalbach.de\/index.php?rest_route=%2Fwp%2Fv2%2Fmedia&parent=1688"}],"wp:term":[{"taxonomy":"category","embeddable":true,"href":"https:\/\/ff-nalbach.de\/index.php?rest_route=%2Fwp%2Fv2%2Fcategories&post=1688"},{"taxonomy":"einsatzart","embeddable":true,"href":"https:\/\/ff-nalbach.de\/index.php?rest_route=%2Fwp%2Fv2%2Feinsatzart&post=1688"},{"taxonomy":"fahrzeug","embeddable":true,"href":"https:\/\/ff-nalbach.de\/index.php?rest_route=%2Fwp%2Fv2%2Ffahrzeug&post=1688"},{"taxonomy":"exteinsatzmittel","embeddable":true,"href":"https:\/\/ff-nalbach.de\/index.php?rest_route=%2Fwp%2Fv2%2Fexteinsatzmittel&post=1688"},{"taxonomy":"alarmierungsart","embeddable":true,"href":"https:\/\/ff-nalbach.de\/index.php?rest_route=%2Fwp%2Fv2%2Falarmierungsart&post=1688"},{"taxonomy":"evw_unit","embeddable":true,"href":"https:\/\/ff-nalbach.de\/index.php?rest_route=%2Fwp%2Fv2%2Fevw_unit&post=1688"}],"curies":[{"name":"wp","href":"https:\/\/api.w.org\/{rel}","templated":true}]}}

<p>Am heutigen Samstagmorgen um 07:28 wurden wir zu einem Wasserschaden klein in einem Wohngebäude in der Straße Am Gähn in Nalbach alarmiert. Beim Eintreffen der Einsatzkräfte stellte sich heraus, dass im Keller des Gebäudes der Filter des Hausanschlusses abgerissen war. Infolgedessen stand der Kellerbereich auf einer Fläche von mehreren Quadratmetern etwa 13 cm unter Wasser.<br />
Zunächst wurde die Wasserzufuhr am Hausanschluss abgesperrt, um weiteren Wassereintritt zu verhindern. Anschließend erfolgte das Abpumpen des stehenden Wassers mittels Tauchpumpe. Verbleibende Wasserreste und feuchte Stellen wurden im Anschluss mit einem Wassersauger aufgenommen und der Bereich weitgehend trockengelegt.</p>
<p>Nach einer abschließenden Kontrolle der Kellerräume konnte die Einsatzstelle an den Eigentümer übergeben werden. Der Einsatz war nach etwa einer Stunde beendet. Besondere Vorkommnisse traten nicht auf.<a href="https://feuerwehr-nalbach.de/wp-content/uploads/2025/08/ChatGPT-Image-15.-Aug.-2025-13_38_40.png"><img fetchpriority="high" decoding="async" class="alignnone size-medium wp-image-2026" src="https://feuerwehr-nalbach.de/wp-content/uploads/2025/08/ChatGPT-Image-15.-Aug.-2025-13_38_40-300x300.png" alt="" width="300" height="300" srcset="https://ff-nalbach.de/wp-content/uploads/2025/08/ChatGPT-Image-15.-Aug.-2025-13_38_40-300x300.png 300w, https://ff-nalbach.de/wp-content/uploads/2025/08/ChatGPT-Image-15.-Aug.-2025-13_38_40-150x150.png 150w, https://ff-nalbach.de/wp-content/uploads/2025/08/ChatGPT-Image-15.-Aug.-2025-13_38_40-768x768.png 768w, https://ff-nalbach.de/wp-content/uploads/2025/08/ChatGPT-Image-15.-Aug.-2025-13_38_40-600x600.png 600w, https://ff-nalbach.de/wp-content/uploads/2025/08/ChatGPT-Image-15.-Aug.-2025-13_38_40.png 1024w" sizes="(max-width: 300px) 100vw, 300px" /></a></p>

<p>Am heutigen Samstagmorgen um 07:28 wurden wir zu einem Wasserschaden klein in einem Wohngebäude in der Straße Am Gähn in Nalbach alarmiert. Beim Eintreffen der Einsatzkräfte stellte sich heraus, dass im Keller des Gebäudes der Filter des Hausanschlusses abgerissen war. Infolgedessen stand der Kellerbereich auf einer Fläche von mehreren Quadratmetern etwa 13 cm unter Wasser. [&hellip;]</p>
