{"id":2564,"date":"2026-01-23T01:44:00","date_gmt":"2026-01-23T00:44:00","guid":{"rendered":"https:\/\/ff-nalbach.de\/?post_type=einsatz&#038;p=2564"},"modified":"2026-01-27T00:53:38","modified_gmt":"2026-01-26T23:53:38","slug":"%f0%9f%93%9f-brand-gartenhaus","status":"publish","type":"einsatz","link":"https:\/\/ff-nalbach.de\/?einsatz=%f0%9f%93%9f-brand-gartenhaus","title":{"rendered":"\ud83d\udcdf Brand 2 &#8211; Brand Gartenhaus"},"content":{"rendered":"<p data-start=\"244\" data-end=\"607\">In den Nachtstunden wurden wir zu einem Brand eines Gartenhauses alarmiert. Bereits beim Eintreffen an der Einsatzstelle war ein in unmittelbarer N\u00e4he gelagerter Holzstapel in Brand geraten. Die Flammen hatten zu diesem Zeitpunkt bereits auf das angrenzende Gartenhaus \u00fcbergegriffen, wodurch eine weitere Ausbreitung des Feuers nicht ausgeschlossen werden konnte.<\/p>\n<p data-start=\"609\" data-end=\"936\">Umgehend wurde ein Trupp unter Atemschutz zur Brandbek\u00e4mpfung eingesetzt. Mit gezielten L\u00f6schma\u00dfnahmen konnte der Brand schnell einged\u00e4mmt und unter Kontrolle gebracht werden. Durch das rasche und koordinierte Vorgehen gelang es, eine Ausbreitung auf weitere Geb\u00e4udeteile oder benachbarte Grundst\u00fccke erfolgreich zu verhindern.<\/p>\n<p data-start=\"938\" data-end=\"1167\">Nach dem Abl\u00f6schen des Brandgutes wurden Nachl\u00f6scharbeiten durchgef\u00fchrt und die Brandstelle sorgf\u00e4ltig kontrolliert, um m\u00f6gliche Glutnester auszuschlie\u00dfen. Anschlie\u00dfend konnte die Einsatzstelle an den Eigent\u00fcmer \u00fcbergeben werden.<\/p>\n<p data-start=\"1169\" data-end=\"1243\">Der Einsatz war nach kurzer Zeit beendet. Personen kamen nicht zu Schaden.<\/p>\n<p data-start=\"1169\" data-end=\"1243\"><a href=\"https:\/\/ff-nalbach.de\/wp-content\/uploads\/2026\/01\/Gartenhausbrand01.2026.jpeg\"><img fetchpriority=\"high\" decoding=\"async\" class=\"alignnone wp-image-2565 size-medium\" src=\"https:\/\/ff-nalbach.de\/wp-content\/uploads\/2026\/01\/Gartenhausbrand01.2026-300x225.jpeg\" alt=\"\" width=\"300\" height=\"225\" srcset=\"https:\/\/ff-nalbach.de\/wp-content\/uploads\/2026\/01\/Gartenhausbrand01.2026-300x225.jpeg 300w, https:\/\/ff-nalbach.de\/wp-content\/uploads\/2026\/01\/Gartenhausbrand01.2026-1024x768.jpeg 1024w, https:\/\/ff-nalbach.de\/wp-content\/uploads\/2026\/01\/Gartenhausbrand01.2026-768x576.jpeg 768w, https:\/\/ff-nalbach.de\/wp-content\/uploads\/2026\/01\/Gartenhausbrand01.2026-1536x1152.jpeg 1536w, https:\/\/ff-nalbach.de\/wp-content\/uploads\/2026\/01\/Gartenhausbrand01.2026.jpeg 2048w\" sizes=\"(max-width: 300px) 100vw, 300px\" \/><\/a><\/p>\n","protected":false},"excerpt":{"rendered":"<p>In den Nachtstunden wurden wir zu einem Brand eines Gartenhauses alarmiert. Bereits beim Eintreffen an der Einsatzstelle war ein in unmittelbarer N\u00e4he gelagerter Holzstapel in Brand geraten. Die Flammen hatten zu diesem Zeitpunkt bereits auf das angrenzende Gartenhaus \u00fcbergegriffen, wodurch eine weitere Ausbreitung des Feuers nicht ausgeschlossen werden konnte. Umgehend wurde ein Trupp unter Atemschutz [&hellip;]<\/p>\n","protected":false},"author":2,"featured_media":0,"template":"","meta":{"ocean_post_layout":"","ocean_both_sidebars_style":"","ocean_both_sidebars_content_width":0,"ocean_both_sidebars_sidebars_width":0,"ocean_sidebar":"","ocean_second_sidebar":"","ocean_disable_margins":"enable","ocean_add_body_class":"","ocean_shortcode_before_top_bar":"","ocean_shortcode_after_top_bar":"","ocean_shortcode_before_header":"","ocean_shortcode_after_header":"","ocean_has_shortcode":"","ocean_shortcode_after_title":"","ocean_shortcode_before_footer_widgets":"","ocean_shortcode_after_footer_widgets":"","ocean_shortcode_before_footer_bottom":"","ocean_shortcode_after_footer_bottom":"","ocean_display_top_bar":"default","ocean_display_header":"default","ocean_header_style":"","ocean_center_header_left_menu":"","ocean_custom_header_template":"","ocean_custom_logo":0,"ocean_custom_retina_logo":0,"ocean_custom_logo_max_width":0,"ocean_custom_logo_tablet_max_width":0,"ocean_custom_logo_mobile_max_width":0,"ocean_custom_logo_max_height":0,"ocean_custom_logo_tablet_max_height":0,"ocean_custom_logo_mobile_max_height":0,"ocean_header_custom_menu":"","ocean_menu_typo_font_family":"","ocean_menu_typo_font_subset":"","ocean_menu_typo_font_size":0,"ocean_menu_typo_font_size_tablet":0,"ocean_menu_typo_font_size_mobile":0,"ocean_menu_typo_font_size_unit":"px","ocean_menu_typo_font_weight":"","ocean_menu_typo_font_weight_tablet":"","ocean_menu_typo_font_weight_mobile":"","ocean_menu_typo_transform":"","ocean_menu_typo_transform_tablet":"","ocean_menu_typo_transform_mobile":"","ocean_menu_typo_line_height":0,"ocean_menu_typo_line_height_tablet":0,"ocean_menu_typo_line_height_mobile":0,"ocean_menu_typo_line_height_unit":"","ocean_menu_typo_spacing":0,"ocean_menu_typo_spacing_tablet":0,"ocean_menu_typo_spacing_mobile":0,"ocean_menu_typo_spacing_unit":"","ocean_menu_link_color":"","ocean_menu_link_color_hover":"","ocean_menu_link_color_active":"","ocean_menu_link_background":"","ocean_menu_link_hover_background":"","ocean_menu_link_active_background":"","ocean_menu_social_links_bg":"","ocean_menu_social_hover_links_bg":"","ocean_menu_social_links_color":"","ocean_menu_social_hover_links_color":"","ocean_disable_title":"default","ocean_disable_heading":"default","ocean_post_title":"","ocean_post_subheading":"","ocean_post_title_style":"","ocean_post_title_background_color":"","ocean_post_title_background":0,"ocean_post_title_bg_image_position":"","ocean_post_title_bg_image_attachment":"","ocean_post_title_bg_image_repeat":"","ocean_post_title_bg_image_size":"","ocean_post_title_height":0,"ocean_post_title_bg_overlay":0.5,"ocean_post_title_bg_overlay_color":"","ocean_disable_breadcrumbs":"default","ocean_breadcrumbs_color":"","ocean_breadcrumbs_separator_color":"","ocean_breadcrumbs_links_color":"","ocean_breadcrumbs_links_hover_color":"","ocean_display_footer_widgets":"default","ocean_display_footer_bottom":"default","ocean_custom_footer_template":"","einsatz_weight":1,"footnotes":""},"categories":[24],"einsatzart":[11],"fahrzeug":[55,15,14],"exteinsatzmittel":[21,22],"alarmierungsart":[18],"evw_unit":[9],"class_list":["post-2564","einsatz","type-einsatz","status-publish","hentry","category-einsatzbericht","einsatzart-brand","fahrzeug-nalbach-0-10-kdow","fahrzeug-nalbach-1-24-tlf-4000","fahrzeug-nalbach-1-46-hlf-20-20","exteinsatzmittel-polizei","exteinsatzmittel-rettungsdienst","alarmierungsart-dme-mit-sirene","evw_unit-lb-nalbach-1","entry"],"_links":{"self":[{"href":"https:\/\/ff-nalbach.de\/index.php?rest_route=\/wp\/v2\/einsatz\/2564","targetHints":{"allow":["GET"]}}],"collection":[{"href":"https:\/\/ff-nalbach.de\/index.php?rest_route=\/wp\/v2\/einsatz"}],"about":[{"href":"https:\/\/ff-nalbach.de\/index.php?rest_route=\/wp\/v2\/types\/einsatz"}],"author":[{"embeddable":true,"href":"https:\/\/ff-nalbach.de\/index.php?rest_route=\/wp\/v2\/users\/2"}],"version-history":[{"count":3,"href":"https:\/\/ff-nalbach.de\/index.php?rest_route=\/wp\/v2\/einsatz\/2564\/revisions"}],"predecessor-version":[{"id":2568,"href":"https:\/\/ff-nalbach.de\/index.php?rest_route=\/wp\/v2\/einsatz\/2564\/revisions\/2568"}],"wp:attachment":[{"href":"https:\/\/ff-nalbach.de\/index.php?rest_route=%2Fwp%2Fv2%2Fmedia&parent=2564"}],"wp:term":[{"taxonomy":"category","embeddable":true,"href":"https:\/\/ff-nalbach.de\/index.php?rest_route=%2Fwp%2Fv2%2Fcategories&post=2564"},{"taxonomy":"einsatzart","embeddable":true,"href":"https:\/\/ff-nalbach.de\/index.php?rest_route=%2Fwp%2Fv2%2Feinsatzart&post=2564"},{"taxonomy":"fahrzeug","embeddable":true,"href":"https:\/\/ff-nalbach.de\/index.php?rest_route=%2Fwp%2Fv2%2Ffahrzeug&post=2564"},{"taxonomy":"exteinsatzmittel","embeddable":true,"href":"https:\/\/ff-nalbach.de\/index.php?rest_route=%2Fwp%2Fv2%2Fexteinsatzmittel&post=2564"},{"taxonomy":"alarmierungsart","embeddable":true,"href":"https:\/\/ff-nalbach.de\/index.php?rest_route=%2Fwp%2Fv2%2Falarmierungsart&post=2564"},{"taxonomy":"evw_unit","embeddable":true,"href":"https:\/\/ff-nalbach.de\/index.php?rest_route=%2Fwp%2Fv2%2Fevw_unit&post=2564"}],"curies":[{"name":"wp","href":"https:\/\/api.w.org\/{rel}","templated":true}]}}

<p data-start="244" data-end="607">In den Nachtstunden wurden wir zu einem Brand eines Gartenhauses alarmiert. Bereits beim Eintreffen an der Einsatzstelle war ein in unmittelbarer Nähe gelagerter Holzstapel in Brand geraten. Die Flammen hatten zu diesem Zeitpunkt bereits auf das angrenzende Gartenhaus übergegriffen, wodurch eine weitere Ausbreitung des Feuers nicht ausgeschlossen werden konnte.</p>
<p data-start="609" data-end="936">Umgehend wurde ein Trupp unter Atemschutz zur Brandbekämpfung eingesetzt. Mit gezielten Löschmaßnahmen konnte der Brand schnell eingedämmt und unter Kontrolle gebracht werden. Durch das rasche und koordinierte Vorgehen gelang es, eine Ausbreitung auf weitere Gebäudeteile oder benachbarte Grundstücke erfolgreich zu verhindern.</p>
<p data-start="938" data-end="1167">Nach dem Ablöschen des Brandgutes wurden Nachlöscharbeiten durchgeführt und die Brandstelle sorgfältig kontrolliert, um mögliche Glutnester auszuschließen. Anschließend konnte die Einsatzstelle an den Eigentümer übergeben werden.</p>
<p data-start="1169" data-end="1243">Der Einsatz war nach kurzer Zeit beendet. Personen kamen nicht zu Schaden.</p>
<p data-start="1169" data-end="1243"><a href="https://ff-nalbach.de/wp-content/uploads/2026/01/Gartenhausbrand01.2026.jpeg"><img fetchpriority="high" decoding="async" class="alignnone wp-image-2565 size-medium" src="https://ff-nalbach.de/wp-content/uploads/2026/01/Gartenhausbrand01.2026-300x225.jpeg" alt="" width="300" height="225" srcset="https://ff-nalbach.de/wp-content/uploads/2026/01/Gartenhausbrand01.2026-300x225.jpeg 300w, https://ff-nalbach.de/wp-content/uploads/2026/01/Gartenhausbrand01.2026-1024x768.jpeg 1024w, https://ff-nalbach.de/wp-content/uploads/2026/01/Gartenhausbrand01.2026-768x576.jpeg 768w, https://ff-nalbach.de/wp-content/uploads/2026/01/Gartenhausbrand01.2026-1536x1152.jpeg 1536w, https://ff-nalbach.de/wp-content/uploads/2026/01/Gartenhausbrand01.2026.jpeg 2048w" sizes="(max-width: 300px) 100vw, 300px" /></a></p>

<p>In den Nachtstunden wurden wir zu einem Brand eines Gartenhauses alarmiert. Bereits beim Eintreffen an der Einsatzstelle war ein in unmittelbarer Nähe gelagerter Holzstapel in Brand geraten. Die Flammen hatten zu diesem Zeitpunkt bereits auf das angrenzende Gartenhaus übergegriffen, wodurch eine weitere Ausbreitung des Feuers nicht ausgeschlossen werden konnte. Umgehend wurde ein Trupp unter Atemschutz [&hellip;]</p>
